 - 11. Suppose -5*j - u + 10 = 1, 0 = g*u + 2. Suppose 4*h - 5*n - 426 = 570, -1212 = -5*h - j*n. What is the hundreds digit of h?
2
Let t(q) be the first derivative of -15*q**2 - 2*q - 31 + 3*q**2 + 8*q + 23*q. What is the tens digit of t(-5)?
4
Let f(h) = -15*h**3 - 3*h**2 + h - 22. Let b(t) = 32*t**3 + 7*t**2 - t + 43. Let a(n) = -6*b(n) - 13*f(n). What is the thousands digit of a(8)?
1
Let l = 7761 - 6972. What is the hundreds digit of l?
7
Let c(n) be the first derivative of -73/2*n**2 - 4*n - 16. What is the units digit of c(-2)?
2
Let v(d) = 3*d**2 + 8*d - 7. Let l be -1 - -3 - (-15)/((-120)/(-16)). Let b(h) = h**2 - 6*h - 2. Let q be b(l). What is the units digit of v(q)?
3
Let y = 35 - 37. Let r be (27/y)/(-3) + 3/(-6). Suppose -h = -r*h + 393. What is the units digit of h?
1
Let d(x) = 935*x + 22. Let p be d(4). Suppose 24*c = 18*c - p. What is the hundreds digit of c*((-30)/9 - -3)?
2
Suppose -14*t - 496 = -10*t. Let u = t + 369. Let n = u + -175. What is the tens digit of n?
7
Let t be 165/(-44) + (-1)/8*2. What is the units digit of t*6/(-8) - -6?
9
Suppose x = -3*n - 688, 3*n - 5*x + 109 + 609 = 0. Let i(v) = v**3 - 8*v**2 + 7*v - 9. Let y be i(7). What is the units digit of n*((-1 - (-21)/y) + 3)?
7
Suppose -431 = 4*o + 5*s, o - s - 2*s + 95 = 0. Let y be o/10*605/22. Let q = -158 - y. What is the hundreds digit of q?
1
Suppose -283 = -31*c - 66. Suppose 0 = -c*s + 3601 + 4568. What is the hundreds digit of s?
1
Suppose -h - 4*b = -55495, -4*h + 55*b = 54*b - 222099. What is the tens digit of h?
2
Suppose 6*b - 13807 - 4853 = 0. What is the tens digit of b?
1
Let q(n) = 86*n**3 - 4*n**2 + 5*n - 6. Let i be q(2). Suppose -4*p + i = 2*o, -1064 = -3*o + 4*p - 0*p. What is the units digit of o?
8
Let i(f) = -16*f + 8. Let s be i(2). Let l be (s/9)/(-8)*6. Suppose 3*m = 0, -4*m = -l*o + m + 150. What is the tens digit of o?
7
Let t = -1274 - -2188. What is the tens digit of t?
1
Suppose b = 4*c + 11105, 5*b - 20193 = -c + 35290. What is the thousands digit of b?
1
Let o(k) = 3*k + 3. Let j be o(6). Let a be (-3)/(-2) - j/(-14). Suppose -v - 205 = -4*v - 4*c, -2*v + a*c + 148 = 0. What is the units digit of v?
1
Let w be ((-576)/96)/((-2)/(-6)*-2). Let t(c) = 3*c**3 - 22*c**2 + 5*c - 2. What is the units digit of t(w)?
8
Suppose 0 = -4*r - 21 + 93. Suppose -15*i - 735 = 6*i. Let x = r - i. What is the units digit of x?
3
Let m = -25419 + 44452. What is the thousands digit of m?
9
What is the ten thousands digit of 2220*(32/(-12) - -14)?
2
Suppose 0 = -4*r - 20, r = 2*i + 59. Let l = -80 - i. Let f = -8 - l. What is the tens digit of f?
4
Suppose 0 = -14*h + 25*h - 2904. What is the units digit of h?
4
What is the tens digit of (3 - 8)/(-1) - ((-120)/(-12) + -2527)?
2
Let s(n) = 10648*n**2 + 700*n - 699. What is the tens digit of s(1)?
4
Let q be (-6859)/133 + 3/(-7). What is the units digit of 8/q + (-8636)/(-26)?
2
Suppose -3*o - 18 - 39 = -3*b, -3*b + 4*o = -56. Suppose 6 = b*k - 54. Suppose 3*x = 4*j - 34, 6*j + k*x - 56 = j. What is the units digit of j?
0
Let s(l) = -l**3 - 8*l**2 - 13*l + 10. Let r(i) = i + 1. Let a be r(-6). Let d be s(a). Suppose -2*m = -d*m - 78. What is the units digit of m?
9
What is the units digit of -170 + 173 - (-5227468)/66 - 2/33?
7
Let h(v) = v**3 - 7*v**2 + 12. Let d be h(7). Suppose -d = -13*m + 9*m. Suppose z + 5*w - 2*w = 1, m*w + 3 = 0. What is the units digit of z?
4
Let y be (-3)/(((-2100)/(-136))/(-5) + 3). Suppose p = 2*t - y, 3 = -p + 1. What is the units digit of -3 - t/12*-1*57?
3
Let c(f) = -14*f - 6. Let w be c(-4). Let r = w + -48. What is the hundreds digit of 334*r*(-24)/(-96)?
1
Let q(x) = -870*x**3 - 5*x**2 + 46*x + 179. What is the ten thousands digit of q(-4)?
5
Suppose -2*z - 21*d = -11367, -3*d = 5*z + 2*d - 28275. What is the thousands digit of z?
5
Suppose -5*p + 2*p - 5277 = -3*m, -p - 8791 = -5*m. What is the hundreds digit of (m/10)/(8/40)?
8
Suppose -71*l + 73*l + 10 = 0. Let g be (-2)/(l - 1) - 488/(-3). Let i = g - 62. What is the units digit of i?
1
Suppose -4*z = l - 405 - 423, -5*l = 3*z - 4225. Suppose 3*q + 4*a - l = -58, q - a - 275 = 0. What is the units digit of q?
0
Suppose i = -3*r + 81 + 43, 2*r + 6 = 0. Let j(a) = 380*a + 1831. Let f be j(-4). Let b = f - i. What is the units digit of b?
8
Suppose -4*r = 3*r. Let z(b) = -b**3 - 2*b**2 - 2*b + 77. What is the units digit of z(r)?
7
Let d be (0 + 0)/(-12 - -13). Let h(x) = -3*x**3 - x**2 + 4*x + 745. What is the units digit of h(d)?
5
Let u be (0 - 4)*((-40)/16 + 2). Suppose -d + 1250 = -2*r - 2*r, 0 = -u*d + r + 2535. What is the hundreds digit of d?
2
Let l(c) = c**2 - 3*c + 6. Let k be l(-8). Let d be (-3 + 6)*20/12. Suppose -4*y = 5*q - 188, -y + 3*y + d*q - k = 0. What is the units digit of y?
7
Let n(t) be the first derivative of -15*t**2 + 10*t - 22. What is the units digit of n(-9)?
0
Suppose 87*x = 85*x - 10. What is the units digit of (1180/(-5) - (3 + x))*-1?
4
Let y = -132220 + 194512. What is the hundreds digit of y?
2
Let q(t) = -19 + 20 + 2*t + 6 + 7. Let h be q(-5). Suppose -45 = -u + m, 3*m + 41 + h = u. What is the tens digit of u?
4
Suppose -12368*i = -12356*i - 26640. What is the thousands digit of i?
2
Suppose 3*y = -11 + 38. Suppose -y*w + 12 + 6 = 0. What is the units digit of (w - -57)*(-3 + 4)?
9
Let h(u) = u - 9. Let j be h(11). Suppose b - 3*m = -4*b + 1440, b - j*m = 288. Suppose b = 7*t + t. What is the units digit of t?
6
Let u(f) = 2*f**3 + 55*f**2 + 4*f - 87. What is the hundreds digit of u(-21)?
5
Suppose 0 = -i + 3, i - 80 = 2*l - 9. Let c be ((-969)/l)/(2/4). Suppose c*h - 62*h + 125 = 0. What is the tens digit of h?
2
Suppose 0 = -2*s - d - 62 - 478, 4*s + d + 1080 = 0. Let b = 154 + s. Let p = 274 + b. What is the units digit of p?
8
Let d(l) = -l**3 - 2*l**2 + 2*l + 7. Let b be d(-2). What is the units digit of (1 + (-109)/(-2) + b)*4?
4
Let c(a) = -a**3 + a**2 + a + 2. Let w(p) = -p**3 + 10*p**2 + 17*p - 5. Let i(m) = 2*c(m) - w(m). What is the hundreds digit of i(-8)?
1
Let b = -50 - -52. Suppose 2*d = -3*x + 313, b*x + 2*d = 4*x - 202. What is the hundreds digit of 2*-1 + (x - -1)?
1
What is the tens digit of 54/405 + (-272379)/(-45)?
5
Let a(n) = 2*n**2 + n + 551. Suppose -3*m + 12 = -4*h, 3*m + 2*h - 3*h - 3 = 0. What is the hundreds digit of a(m)?
5
Let l(b) = -b**3 + 6*b**2 - 7*b + 10. Let t be l(5). Suppose -2*x + 230 = 4*a - 430, t = 4*x - 8. What is the hundreds digit of a?
1
Suppose -78*m = -2078163 - 1736895. What is the units digit of m?
1
What is the tens digit of 119403/21 + (-22)/1386*-9?
8
Suppose -31*b + 398244 - 89732 = 0. What is the units digit of b?
2
Let f = -210 - -178. Let v = f + 62. What is the tens digit of v?
3
Let f = 6491 + 9005. What is the units digit of f?
6
Suppose -4*s + 2*s - 21 = h, -s = h + 13. Let i be (-22)/(-8) + 14/s + 2. Suppose r + 2*r = 4*j - 244, -2*r + 183 = i*j. What is the tens digit of j?
6
Let i be -7*6/(-63) - 4372/(-12). Let j = 809 + i. What is the tens digit of j?
7
Suppose -3*g + 90 = -0*g + 3*n, -2*g + 5*n + 25 = 0. Suppose -s = -k - 9, 0*s = 5*s - k - g. Suppose 0*u + s*u = 360. What is the units digit of u?
0
Suppose -3*v + f = -2566, 47*v - 44*v + 5*f - 2578 = 0. What is the units digit of v?
6
Let o(p) = 66 - 114 + 3*p - p**2 + 4*p + 19*p. Let m be o(22). Suppose 4*q - 528 = m. What is the tens digit of q?
4
Suppose 14*h - 12*h = -154. Let y = h + 30. Let d = y - -84. What is the tens digit of d?
3
Let u be -1*(-4 - -7 - 78). Suppose 2*c - 2*a - 158 = 0, 2*c - a + u = 3*c. What is the units digit of c?
7
Let s = -109 + 103. Let q(h) = h**3 + 6*h**2 - h - 2. Let d be q(s). Suppose 4*i - 332 = -d*z - 0*z, -i + 320 = 4*z. What is the units digit of z?
9
What is the tens digit of (144/(-21))/(-6)*2639?
1
Let m(f) = -f**2 + 24*f + 83. Let h be m(27). Suppose -1171 = -h*r + 3*g, 7*g - 5*g - 10 = 0. What is the units digit of r?
3
Let q = -82761 + 127997. What is the ten thousands digit of q?
4
Suppose 10 = -2*u + 14. Suppose 2*q + 8 - 12 = u*g, -32 = -q - 5*g. What is the units digit of q?
7
Suppose -5*q + 39*h - 34*h + 76825 = 0, -15 = 3*h. What is the thousands digit of q?
5
Suppose 61*q = -428895 + 1553552. What is the tens digit of q?
3
Suppose -t - 13116 = -5*j - 3*t, 3*t - 5242 = -2*j. Suppose -4*k - 4*g = 